{"id":2852,"date":"2021-10-22T14:43:37","date_gmt":"2021-10-22T12:43:37","guid":{"rendered":"https:\/\/schulgarten.ch\/?page_id=2852"},"modified":"2022-03-31T08:51:54","modified_gmt":"2022-03-31T06:51:54","slug":"angebot-salatteller","status":"publish","type":"page","link":"https:\/\/schulgarten.ch\/fr\/angebote\/angebot-salatteller\/","title":{"rendered":"Angebot Salatteller"},"content":{"rendered":"\t\t<div data-elementor-type=\"wp-post\" data-elementor-id=\"2852\" class=\"elementor elementor-2852\" data-elementor-post-type=\"page\">\n\t\t\t\t\t\t<section class=\"elementor-section elementor-top-section elementor-element elementor-element-366ddd2 elementor-section-boxed elementor-section-height-default elementor-section-height-default\" data-id=\"366ddd2\" data-element_type=\"section\">\n\t\t\t\t\t\t<div class=\"elementor-container elementor-column-gap-default\">\n\t\t\t\t\t<div class=\"elementor-column elementor-col-100 elementor-top-column elementor-element elementor-element-b44d028\" data-id=\"b44d028\" data-element_type=\"column\">\n\t\t\t<div class=\"elementor-widget-wrap elementor-element-populated\">\n\t\t\t\t\t\t<div class=\"elementor-element elementor-element-7c2fea8 elementor-widget elementor-widget-text-editor\" data-id=\"7c2fea8\" data-element_type=\"widget\" data-widget_type=\"text-editor.default\">\n\t\t\t\t<div class=\"elementor-widget-container\">\n\t\t\t\t\t\t\t\t\t<h2><b>Angebot Salatteller<br \/><\/b><\/h2>\t\t\t\t\t\t\t\t<\/div>\n\t\t\t\t<\/div>\n\t\t\t\t\t<\/div>\n\t\t<\/div>\n\t\t\t\t\t<\/div>\n\t\t<\/section>\n\t\t\t\t<section class=\"elementor-section elementor-top-section elementor-element elementor-element-fc30a4 elementor-section-boxed elementor-section-height-default elementor-section-height-default\" data-id=\"fc30a4\" data-element_type=\"section\">\n\t\t\t\t\t\t<div class=\"elementor-container elementor-column-gap-default\">\n\t\t\t\t\t<div class=\"elementor-column elementor-col-100 elementor-top-column elementor-element elementor-element-8ca178c\" data-id=\"8ca178c\" data-element_type=\"column\">\n\t\t\t<div class=\"elementor-widget-wrap elementor-element-populated\">\n\t\t\t\t\t\t<div class=\"elementor-element elementor-element-1ba5820b elementor-widget elementor-widget-text-editor\" data-id=\"1ba5820b\" data-element_type=\"widget\" data-widget_type=\"text-editor.default\">\n\t\t\t\t<div class=\"elementor-widget-container\">\n\t\t\t\t\t\t\t\t\t<figure id=\"attachment_2860\" aria-describedby=\"caption-attachment-2860\" style=\"width: 300px\" class=\"wp-caption alignleft\"><a href=\"https:\/\/www.gemuese.ch\" target=\"_blank\" rel=\"noopener\"><img fetchpriority=\"high\" decoding=\"async\" data-recalc-dims=\"1\" src=\"https:\/\/i0.wp.com\/schulgarten.ch\/wp-content\/uploads\/2021\/10\/10.6_Logo-schweizer-_gemuese.jpg?resize=300%2C278&#038;ssl=1\" alt=\"Logo Schweizer Gem\u00fcse\" width=\"300\" height=\"278\"><\/a><figcaption id=\"caption-attachment-2860\" class=\"wp-caption-text\">Unser Partner<\/figcaption><\/figure>\n<p>Das Angebot Salatteller l\u00e4sst sich im Topf, in einer Pflanzkiste, im Hoch- oder Gartenbeet realisieren und ist in 6 bis 8 Gartensequenzen umsetzbar. Bei Pflanzung im M\u00e4rz bis Anfangs April kann noch vor den Sommerferien geerntet werden.<\/p>\n<p>Die Sch\u00fclerinnen und Sch\u00fcler bauen verschieden Salate, Blattgem\u00fcse und Weitere wie z.B. Radieschen an. W\u00e4hrend des Anbaus, der Ernte und dem Konsumieren erleben sie den Umgang mit Nahrungsmitteln.<\/p>\n<p><strong>Unterrichtsmaterial<\/strong><br>Diverses Unterrichtsmaterial und eine BNE-Unterrichtseinheit f\u00fcr Zyklus 1-3 stehen zur Verf\u00fcgung. Darin gehen die Sch\u00fclerInnen der Leitfrage \u00abUnser Garten: Ein Lebensraum f\u00fcr alle?\u00bb nach und ergr\u00fcnden verschiedene Dimensionen und Perspektiven rund um den Schulgarten. Es werden vernetztes Wissen, fachspezifische und \u00fcberfachliche Kompetenzen aufgebaut und eine Urteilsbildung gef\u00f6rdert.<\/p>\n<p><strong>Anleitungen<\/strong><br>Schritt- f\u00fcr Schritt-Anleitungen \u00fcbers ganze Gartenjahr, Hinweise zur Verbindung mit dem Unterricht, g\u00e4rtnerische Tipps und Tricks und Videos zu den Arbeiten im Garten unterst\u00fctzen Sie und erm\u00f6glichen einen einfachen Einstieg in die Arbeit im Schulgarten mit ihrer Klasse.<\/p>\n<p><strong>Bisheriges Angebot Pflanzmaterial<\/strong> <br>Zur Umsetzung konnten Samen f\u00fcr eine perfekt aufeinander abgestimmte Mischkultur bestellt werden: Spinat, Zuckererbsen, Radiesli, Fr\u00fchkarotten, Ringelblumen, Kornblumen, Schnittsalat und Gr\u00fcnd\u00fcngung.<\/p>\n<p><!-- [if gte mso 9]&gt;--><\/p>\n<p><!-- [if gte mso 10]&gt;--><\/p>\t\t\t\t\t\t\t\t<\/div>\n\t\t\t\t<\/div>\n\t\t\t\t\t<\/div>\n\t\t<\/div>\n\t\t\t\t\t<\/div>\n\t\t<\/section>\n\t\t\t\t<section class=\"elementor-section elementor-top-section elementor-element elementor-element-aaf4d09 elementor-section-boxed elementor-section-height-default elementor-section-height-default\" data-id=\"aaf4d09\" data-element_type=\"section\">\n\t\t\t\t\t\t<div class=\"elementor-container elementor-column-gap-default\">\n\t\t\t\t\t<div class=\"elementor-column elementor-col-100 elementor-top-column elementor-element elementor-element-e8cd1b0\" data-id=\"e8cd1b0\" data-element_type=\"column\">\n\t\t\t<div class=\"elementor-widget-wrap elementor-element-populated\">\n\t\t\t\t\t\t<div class=\"elementor-element elementor-element-062fae3 elementor-widget elementor-widget-text-editor\" data-id=\"062fae3\" data-element_type=\"widget\" data-widget_type=\"text-editor.default\">\n\t\t\t\t<div class=\"elementor-widget-container\">\n\t\t\t\t\t\t\t\t\t<p><span style=\"color: #ff9900\">Ab September 2022 werden hier die neuen Angebote f\u00fcr die Schulgarten-Saison 2023 pr\u00e4sentiert.<\/span><\/p>\t\t\t\t\t\t\t\t<\/div>\n\t\t\t\t<\/div>\n\t\t\t\t\t<\/div>\n\t\t<\/div>\n\t\t\t\t\t<\/div>\n\t\t<\/section>\n\t\t\t\t<\/div>\n\t\t","protected":false},"excerpt":{"rendered":"<p>Angebot Salatteller Unser Partner Das Angebot Salatteller l\u00e4sst sich im Topf, in einer Pflanzkiste, im Hoch- oder Gartenbeet realisieren und ist in 6 bis 8 Gartensequenzen umsetzbar. Bei Pflanzung im M\u00e4rz bis Anfangs April kann noch vor den Sommerferien geerntet werden. Die Sch\u00fclerinnen und Sch\u00fcler bauen verschieden Salate, Blattgem\u00fcse und Weitere wie z.B. Radieschen an. [&hellip;]<\/p>\n","protected":false},"author":4,"featured_media":0,"parent":756,"menu_order":8,"comment_status":"closed","ping_status":"closed","template":"","meta":{"ocean_post_layout":"","ocean_both_sidebars_style":"","ocean_both_sidebars_content_width":0,"ocean_both_sidebars_sidebars_width":0,"ocean_sidebar":"0","ocean_second_sidebar":"0","ocean_disable_margins":"enable","ocean_add_body_class":"","ocean_shortcode_before_top_bar":"","ocean_shortcode_after_top_bar":"","ocean_shortcode_before_header":"","ocean_shortcode_after_header":"","ocean_has_shortcode":"","ocean_shortcode_after_title":"","ocean_shortcode_before_footer_widgets":"","ocean_shortcode_after_footer_widgets":"","ocean_shortcode_before_footer_bottom":"","ocean_shortcode_after_footer_bottom":"","ocean_display_top_bar":"default","ocean_display_header":"default","ocean_header_style":"","ocean_center_header_left_menu":"0","ocean_custom_header_template":"0","ocean_custom_logo":0,"ocean_custom_retina_logo":0,"ocean_custom_logo_max_width":0,"ocean_custom_logo_tablet_max_width":0,"ocean_custom_logo_mobile_max_width":0,"ocean_custom_logo_max_height":0,"ocean_custom_logo_tablet_max_height":0,"ocean_custom_logo_mobile_max_height":0,"ocean_header_custom_menu":"0","ocean_menu_typo_font_family":"0","ocean_menu_typo_font_subset":"","ocean_menu_typo_font_size":0,"ocean_menu_typo_font_size_tablet":0,"ocean_menu_typo_font_size_mobile":0,"ocean_menu_typo_font_size_unit":"px","ocean_menu_typo_font_weight":"","ocean_menu_typo_font_weight_tablet":"","ocean_menu_typo_font_weight_mobile":"","ocean_menu_typo_transform":"","ocean_menu_typo_transform_tablet":"","ocean_menu_typo_transform_mobile":"","ocean_menu_typo_line_height":0,"ocean_menu_typo_line_height_tablet":0,"ocean_menu_typo_line_height_mobile":0,"ocean_menu_typo_line_height_unit":"","ocean_menu_typo_spacing":0,"ocean_menu_typo_spacing_tablet":0,"ocean_menu_typo_spacing_mobile":0,"ocean_menu_typo_spacing_unit":"","ocean_menu_link_color":"","ocean_menu_link_color_hover":"","ocean_menu_link_color_active":"","ocean_menu_link_background":"","ocean_menu_link_hover_background":"","ocean_menu_link_active_background":"","ocean_menu_social_links_bg":"","ocean_menu_social_hover_links_bg":"","ocean_menu_social_links_color":"","ocean_menu_social_hover_links_color":"","ocean_disable_title":"default","ocean_disable_heading":"default","ocean_post_title":"","ocean_post_subheading":"","ocean_post_title_style":"background-image","ocean_post_title_background_color":"","ocean_post_title_background":2433,"ocean_post_title_bg_image_position":"center center","ocean_post_title_bg_image_attachment":"","ocean_post_title_bg_image_repeat":"","ocean_post_title_bg_image_size":"","ocean_post_title_height":0,"ocean_post_title_bg_overlay":0.5,"ocean_post_title_bg_overlay_color":"","ocean_disable_breadcrumbs":"default","ocean_breadcrumbs_color":"","ocean_breadcrumbs_separator_color":"","ocean_breadcrumbs_links_color":"","ocean_breadcrumbs_links_hover_color":"","ocean_display_footer_widgets":"default","ocean_display_footer_bottom":"default","ocean_custom_footer_template":"0","omw_enable_modal_window":"enable","footnotes":""},"class_list":["post-2852","page","type-page","status-publish","hentry","entry"],"jetpack_sharing_enabled":true,"_links":{"self":[{"href":"https:\/\/schulgarten.ch\/fr\/wp-json\/wp\/v2\/pages\/2852","targetHints":{"allow":["GET"]}}],"collection":[{"href":"https:\/\/schulgarten.ch\/fr\/wp-json\/wp\/v2\/pages"}],"about":[{"href":"https:\/\/schulgarten.ch\/fr\/wp-json\/wp\/v2\/types\/page"}],"author":[{"embeddable":true,"href":"https:\/\/schulgarten.ch\/fr\/wp-json\/wp\/v2\/users\/4"}],"replies":[{"embeddable":true,"href":"https:\/\/schulgarten.ch\/fr\/wp-json\/wp\/v2\/comments?post=2852"}],"version-history":[{"count":46,"href":"https:\/\/schulgarten.ch\/fr\/wp-json\/wp\/v2\/pages\/2852\/revisions"}],"predecessor-version":[{"id":4740,"href":"https:\/\/schulgarten.ch\/fr\/wp-json\/wp\/v2\/pages\/2852\/revisions\/4740"}],"up":[{"embeddable":true,"href":"https:\/\/schulgarten.ch\/fr\/wp-json\/wp\/v2\/pages\/756"}],"wp:attachment":[{"href":"https:\/\/schulgarten.ch\/fr\/wp-json\/wp\/v2\/media?parent=2852"}],"curies":[{"name":"wp","href":"https:\/\/api.w.org\/{rel}","templated":true}]}}

<div data-elementor-type="wp-post" data-elementor-id="2852" class="elementor elementor-2852" data-elementor-post-type="page">
						<section class="elementor-section elementor-top-section elementor-element elementor-element-366ddd2 elementor-section-boxed elementor-section-height-default elementor-section-height-default" data-id="366ddd2" data-element_type="section">
						<div class="elementor-container elementor-column-gap-default">
					<div class="elementor-column elementor-col-100 elementor-top-column elementor-element elementor-element-b44d028" data-id="b44d028" data-element_type="column">
			<div class="elementor-widget-wrap elementor-element-populated">
						<div class="elementor-element elementor-element-7c2fea8 elementor-widget elementor-widget-text-editor" data-id="7c2fea8" data-element_type="widget" data-widget_type="text-editor.default">
				<div class="elementor-widget-container">
									<h2><b>Angebot Salatteller<br /></b></h2>								</div>
				</div>
					</div>
		</div>
					</div>
		</section>
				<section class="elementor-section elementor-top-section elementor-element elementor-element-fc30a4 elementor-section-boxed elementor-section-height-default elementor-section-height-default" data-id="fc30a4" data-element_type="section">
						<div class="elementor-container elementor-column-gap-default">
					<div class="elementor-column elementor-col-100 elementor-top-column elementor-element elementor-element-8ca178c" data-id="8ca178c" data-element_type="column">
			<div class="elementor-widget-wrap elementor-element-populated">
						<div class="elementor-element elementor-element-1ba5820b elementor-widget elementor-widget-text-editor" data-id="1ba5820b" data-element_type="widget" data-widget_type="text-editor.default">
				<div class="elementor-widget-container">
									<figure id="attachment_2860" aria-describedby="caption-attachment-2860" style="width: 300px" class="wp-caption alignleft"><a href="https://www.gemuese.ch" target="_blank" rel="noopener"><img fetchpriority="high" decoding="async" data-recalc-dims="1" src="https://i0.wp.com/schulgarten.ch/wp-content/uploads/2021/10/10.6_Logo-schweizer-_gemuese.jpg?resize=300%2C278&#038;ssl=1" alt="Logo Schweizer Gemüse" width="300" height="278"></a><figcaption id="caption-attachment-2860" class="wp-caption-text">Unser Partner</figcaption></figure>
<p>Das Angebot Salatteller lässt sich im Topf, in einer Pflanzkiste, im Hoch- oder Gartenbeet realisieren und ist in 6 bis 8 Gartensequenzen umsetzbar. Bei Pflanzung im März bis Anfangs April kann noch vor den Sommerferien geerntet werden.</p>
<p>Die Schülerinnen und Schüler bauen verschieden Salate, Blattgemüse und Weitere wie z.B. Radieschen an. Während des Anbaus, der Ernte und dem Konsumieren erleben sie den Umgang mit Nahrungsmitteln.</p>
<p><strong>Unterrichtsmaterial</strong><br>Diverses Unterrichtsmaterial und eine BNE-Unterrichtseinheit für Zyklus 1-3 stehen zur Verfügung. Darin gehen die SchülerInnen der Leitfrage «Unser Garten: Ein Lebensraum für alle?» nach und ergründen verschiedene Dimensionen und Perspektiven rund um den Schulgarten. Es werden vernetztes Wissen, fachspezifische und überfachliche Kompetenzen aufgebaut und eine Urteilsbildung gefördert.</p>
<p><strong>Anleitungen</strong><br>Schritt- für Schritt-Anleitungen übers ganze Gartenjahr, Hinweise zur Verbindung mit dem Unterricht, gärtnerische Tipps und Tricks und Videos zu den Arbeiten im Garten unterstützen Sie und ermöglichen einen einfachen Einstieg in die Arbeit im Schulgarten mit ihrer Klasse.</p>
<p><strong>Bisheriges Angebot Pflanzmaterial</strong> <br>Zur Umsetzung konnten Samen für eine perfekt aufeinander abgestimmte Mischkultur bestellt werden: Spinat, Zuckererbsen, Radiesli, Frühkarotten, Ringelblumen, Kornblumen, Schnittsalat und Gründüngung.</p>
<p><!-- [if gte mso 9]&gt;--></p>
<p><!-- [if gte mso 10]&gt;--></p>								</div>
				</div>
					</div>
		</div>
					</div>
		</section>
				<section class="elementor-section elementor-top-section elementor-element elementor-element-aaf4d09 elementor-section-boxed elementor-section-height-default elementor-section-height-default" data-id="aaf4d09" data-element_type="section">
						<div class="elementor-container elementor-column-gap-default">
					<div class="elementor-column elementor-col-100 elementor-top-column elementor-element elementor-element-e8cd1b0" data-id="e8cd1b0" data-element_type="column">
			<div class="elementor-widget-wrap elementor-element-populated">
						<div class="elementor-element elementor-element-062fae3 elementor-widget elementor-widget-text-editor" data-id="062fae3" data-element_type="widget" data-widget_type="text-editor.default">
				<div class="elementor-widget-container">
									<p><span style="color: #ff9900">Ab September 2022 werden hier die neuen Angebote für die Schulgarten-Saison 2023 präsentiert.</span></p>								</div>
				</div>
					</div>
		</div>
					</div>
		</section>
				</div>

<p>Angebot Salatteller Unser Partner Das Angebot Salatteller lässt sich im Topf, in einer Pflanzkiste, im Hoch- oder Gartenbeet realisieren und ist in 6 bis 8 Gartensequenzen umsetzbar. Bei Pflanzung im März bis Anfangs April kann noch vor den Sommerferien geerntet werden. Die Schülerinnen und Schüler bauen verschieden Salate, Blattgemüse und Weitere wie z.B. Radieschen an. [&hellip;]</p>
